 the units digit of d?
1
Suppose -2*k - 3*v = -2, 4 = 3*k + 4*v - 0. Suppose -44*q = -52*q + 24. Suppose 0*u - 57 = -a + 2*u, -q*a + 151 = k*u. What is the units digit of a?
3
Let f = -123 - -128. Let j(v) = 3*v**2 + 4*v + 17. What is the units digit of j(f)?
2
Let h(z) = -42*z**3 + 2*z**2 - 2*z + 1. Suppose -2*f + 8 = -2*p, 3*p + f = -f + 13. Let u be h(p). Let m = u + 73. What is the tens digit of m?
3
Let f = -104 + 133. What is the units digit of f?
9
What is the hundreds digit of 1/((-2)/10) + 394?
3
Suppose 48 = 17*g - 5*g. What is the hundreds digit of 4/g + 4/((-8)/(-498))?
2
Let o = 1581 - 295. What is the tens digit of o?
8
Suppose f + 2 = 5. Let i(w) = -25*w + 2. Let k be i(-1). Let j = k - f. What is the units digit of j?
4
Suppose 5*s + 3*l - l - 3539 = 0, -5*l = -10. What is the tens digit of s?
0
Let t = 2322 - 1120. What is the thousands digit of t?
1
Let s = 17 - 7. Let k = s + 115. Let f = k + -65. What is the tens digit of f?
6
Let z = 95 + -93. Suppose 0 = -0*p - p. Suppose -z*r = 3*r - 3*j - 198, -5*r + j + 196 = p. What is the tens digit of r?
3
Let z be -8*-3*4/24. Suppose -5*a + 401 - 51 = -3*p, 2*a - z*p = 140. What is the units digit of a?
0
Suppose 8*u - 3 = 7*u. Suppose 0 = t + 4*a - 100, -5*a = 3*t - 269 - u. What is the units digit of ((-216)/t)/(3/(-14))?
2
Suppose 4 = 4*r - 3*r - 4*z, 16 = 4*r - 2*z. Suppose -r*g - 20 = g. What is the tens digit of -3 - g*(-13)/(-2)?
2
Suppose 2*n + 2*y = -0*y + 24, 5*y = 25. Suppose -2*w - 10 = -n*w. Suppose w*h - 4*j = 38, 3*h + 4*j + 1 = 18. What is the tens digit of h?
1
Let i = 257 - -248. What is the units digit of i?
5
Let f = -40 + 43. Suppose f*p + 4*g = -330, -g - 78 = p + 33. Let t = p - -191. What is the units digit of t?
7
Let l be 338/3 - 2/(-6). Let k = -56 + l. What is the tens digit of k?
5
What is the tens digit of (-30)/75 - 2/(20/(-7454))?
4
Let n(p) = -3*p**3 + 27*p**2 - 39*p - 14. Let z(t) = -7*t**3 + 53*t**2 - 79*t - 27. Let b(j) = -5*n(j) + 2*z(j). What is the units digit of b(28)?
8
Let k = 57 - 34. Suppose -5*a + 2 + 23 = -2*j, -a + k = -4*j. Suppose -198 = -3*b - a*t, -2*t - 2*t = 2*b - 134. What is the units digit of b?
5
Suppose -g + 315 + 95 = i, 0 = 5*g - 3*i - 2082. What is the units digit of g?
4
Let c = -19 + 9. Let z be 55/c*-4*1. Suppose -28 - z = -2*w - 4*o, -w + 55 = -4*o. What is the units digit of w?
5
Let j(p) = 27*p - 85. What is the tens digit of j(25)?
9
Suppose -144*i + 139*i = 2*t - 26782, 0 = i + t - 5354. What is the thousands digit of i?
5
Let y be (-226)/28 + (-36)/(-504). Let n(g) = -g**3 - 3*g**2 + 6*g + 2. Let c be n(-5). Let w = c - y. What is the units digit of w?
0
Let c = 3058 - 2104. What is the tens digit of c?
5
Suppose 2*c - 300 = 5*k + 3*c, 4*k = c - 231. Let u = -141 - k. What is the tens digit of 1/(-4) + u/(-8)?
1
Suppose -4*v = 16, -5*q - 2*v = 323 - 1310. What is the tens digit of q?
9
Suppose -5*n + 10 + 0 = 0. Suppose -j = n*j - 615. What is the units digit of j?
5
Suppose 12*m - 4 = 10*m. Suppose 0 = m*u + u - 117. What is the units digit of u?
9
Suppose 0 = i - 2*i - 4, 0 = -5*f - 4*i + 15034. What is the hundreds digit of f?
0
Let v(n) = -n**2 - 7*n - 2. Let r be v(-6). Suppose 67*s + 15 = 72*s. Suppose 0 = 3*p - 3*f + 116 - 305, s*p - 224 = -r*f. What is the tens digit of p?
6
Let h(j) = -2*j**2 - 42*j + 19. Let g(n) = -n**2 - 21*n + 9. Let v(p) = -5*g(p) + 3*h(p). What is the tens digit of v(-16)?
9
Suppose -2*i - 5*q + 3434 = 0, 2*i - 5673 = q - 2215. What is the units digit of i?
7
Suppose 3*v - 6*v + 3 = 0. What is the tens digit of ((4 - -40) + -3)*v?
4
Let o(v) = 62*v - 36. What is the thousands digit of o(18)?
1
Let b = -4 + 22. Suppose 0 = 8*n - 15*n - 861. What is the units digit of 3/18 - n/b?
7
What is the thousands digit of 153/68*3712/3?
2
What is the tens digit of (10 - 258/24) + 1003/4?
5
What is the units digit of 235/(-2)*(8 + 552/(-30))?
2
Let u = -9 + -16. What is the tens digit of (-655)/u + 3/(-15)?
2
Let w = -572 - -606. What is the units digit of w?
4
Suppose -126 = -3*c - 312. Let g = c - -123. Suppose 4*l + o = 254 - g, -l + 4*o = -61. What is the units digit of l?
9
Suppose -3*b = 2*l - 38, l - 23 = -2*b + 2*l. Suppose 6*c + 5*y = 2*c + 2, -2*y = -4*c - b. Let d(j) = 8*j**2 + j - 3. What is the units digit of d(c)?
7
What is the thousands digit of -2*1 + (-96 - -1325)?
1
Let u be (-1 - 2) + 8 + 0. Let l(j) = 3 - u - 7*j + 0 + 1. What is the units digit of l(-1)?
6
Let i = 218 + -137. Suppose w - 26 = -i. Let k = -31 - w. What is the units digit of k?
4
Suppose -k - 63 = -5*m + m, -4*m - 141 = 3*k. Let u = k - -76. What is the tens digit of u?
2
Let o = -1305 - -2030. Suppose 15*q = 20*q - o. Suppose 0 = 6*p - p - q. What is the tens digit of p?
2
Let w be 2/6 - (2 - (-2572)/12). Let c = w + 356. What is the tens digit of c?
4
Let k(h) = -21*h - 5 + 22 + 15*h. What is the units digit of k(-9)?
1
Let k(s) = -s + 3. Let i be k(-9). Suppose -3*r - 3*h - i = 0, 2 = -r + 3*h + 14. Suppose -2*c + 21 = -5*v, -2*v + 15 = c - r*v. What is the units digit of c?
3
Suppose -n - 1 = -4. Suppose -n*m - 416 = -5*m. What is the hundreds digit of m?
2
Suppose -65 = -6*d + 139. Suppose -5*a + 3*n + 216 = 0, a - n = -5*n + d. What is the units digit of a?
2
Let v(y) be the second derivative of 5*y**4/12 - y**2/2 + 5*y. Let h be v(1). Suppose -h = -i + 5. What is the units digit of i?
9
Let y = 283 + -195. What is the units digit of y?
8
Let n = -55 + 57. Suppose -5*h + 0*h - 1035 = -5*z, -n*h + 8 = 0. What is the tens digit of z?
1
Let h(s) = 5*s**2 + 14*s + 77. What is the hundreds digit of h(-5)?
1
Let r(s) = -2*s + 5*s - 1 + 0*s + 5. Let t(m) = 4*m - 1. Let c be t(2). What is the tens digit of r(c)?
2
Let w be (-20)/(-6)*(136/20 + -8). What is the tens digit of 250 + (w/(-10))/(11/(-55))?
4
Let j(q) = q**2 - 36*q + 144. What is the units digit of j(4)?
6
Let i be 1386/(-117) + 2/(-13). Let x be 20/3*(i + 9). What is the tens digit of (155/x)/(2/(-8))?
3
Suppose 4*k - 4 = -v + 6, 5 = 5*v + 5*k. What is the tens digit of (124/5)/((-1)/(-5)) + v?
2
Let m be (592/24)/(6/387). Suppose -m - 228 = -17*h. What is the hundreds digit of h?
1
Let x = 50 + -6. Suppose -x = -2*u + 18. What is the units digit of u?
1
Let a = -2 + 10. Let r be (-1)/(2/6) + a. Let d = 9 + r. What is the tens digit of d?
1
Let c be 5/((-14)/8 + 2). Suppose 0 = -5*r - c, z - r - 4*r - 61 = 0. Suppose z = 2*f + 11. What is the units digit of f?
5
Let c = 95 + 73. What is the units digit of c?
8
Suppose t - 16 + 2 = -4*s, 2*s - 12 = -3*t. What is the units digit of t*(-4)/(-3)*3?
8
Let r(h) be the first derivative of 13*h**4/4 - h**3/3 - h**2 + 29. What is the tens digit of r(2)?
9
Suppose -7*a + 551 = -2277. What is the units digit of a?
4
Let h = 15 - 10. What is the units digit of ((-44)/h)/(-3 - 133/(-45))?
8
What is the tens digit of ((-1056)/56)/6*-7?
2
Suppose -5*y = -2*d + 383 - 1298, -5*y - d = -930. Suppose 0 = 3*n + 2*n - y. Let r = -21 + n. What is the units digit of r?
6
Suppose 0 = 4*r - 5*p + 9, -5*r - 6*p - 2 = -3*p. What is the tens digit of 2 - ((-245)/5 + r)?
5
Suppose 0 = -3*v + 4*t + 6635 + 2994, 0 = -3*v - 3*t + 9657. What is the thousands digit of v?
3
Let k = -40 + 20. Let x = 13 + k. What is the units digit of (1 - -6)/(x + 8)?
7
Let c = -317 + 549. What is the hundreds digit of c?
2
Suppose 5*y - 2*y = -12. What is the tens digit of (-4)/(-1) + (y - -22)?
2
Suppose -f + 2 = -3*q - 1, 2*q = 8. Suppose -m + 5*j + 15 = 0, j + j + 21 = m. Suppose -2*y + f = 5*n - 9, -y + 4*n + m = 0. What is the units digit of y?
7
Let r(x) = x**3 + 4*x**2 - 15*x - 15. Let p be r(-6). Suppose -p*q - 2*t + 88 = -7*t, 2*t + 153 = 5*q. What is the tens digit of q?
3
Let u(a) = -186*a - 834. What is the units digit of u(-8)?
4
Suppose j + 4*s + 272 = 2*j, 0 = -2*s + 10. Suppose -12*l = -8*l - j. What is the tens digit of l?
7
Let r = 30 - 53. Let p = 25 - r. What is the tens digit of p?
4
Let v(h) = 32*h + 45. What is the tens digit of v(5)?
0
Let d be (-3)/8 - 3/(-8). Suppose d = 10*k - 6*k - 196. What is the tens digit of k?
4
Let t be (-6)/21 - 12/(-42). Suppose 5*i + q - 372 = 0, -4*i + 288 = -t*i - 4*q. What is the units digit of i?
4
Suppose k - 350 = -9*k. Let v = 67 - k. What is the units digit of v?
2
Let q = 17 + -29. 